 What is p(27)?
6
Let k(l) = -27667*l + 359741. Calculate k(13).
70
Let l(z) = 67*z**2 - 194*z + 195. Give l(1).
68
Let q(a) = -376*a + 606. Determine q(1).
230
Let m(u) = -u**2 - 8*u - 103. Determine m(-17).
-256
Let h(w) = 4*w**2 - 7004*w + 27937. What is h(4)?
-15
Let n(g) = -5*g**3 - 892*g**2 - 349*g + 1708. Give n(-178).
462
Let j(f) = 2*f**2 - 16330*f - 99. What is j(0)?
-99
Let y(n) = -17*n + 113. Determine y(-12).
317
Let m(l) = 67*l - 1118. Give m(16).
-46
Let k(x) = 2*x**2 - 316*x + 1833. Determine k(6).
9
Let f(l) = 2*l**3 + 16*l**2 - 12*l - 53. What is f(2)?
3
Let w(i) = 44501*i - 44517. What is w(1)?
-16
Let j(x) = x**2 - 13349*x + 545625. What is j(41)?
-3
Let q(z) = 106*z**2 + 4036*z + 36689. What is q(-15)?
-1
Let a(f) = 5*f**2 + 1446*f + 1. Determine a(0).
1
Let z(x) = -x**3 - 75*x**2 + 80*x + 6002. Determine z(-75).
2
Let q(r) = 5643*r - 16992. Calculate q(3).
-63
Let w(i) = -3312*i**2 - 36436*i - 28. What is w(-11)?
16
Let p(g) = 1172426*g + 17586374. What is p(-15)?
-16
Let q(g) = 2*g**3 - 3*g**2 + 298*g - 2637. Determine q(7).
-12
Let i(s) = -s**2 + 1373*s - 379620. What is i(384)?
156
Let q(p) = -8*p**3 - 2*p**2 - 57*p - 277. Give q(-6).
1721
Let s(x) = 20*x**2 + 241*x - 297. Give s(-13).
-50
Let t(w) = -12673*w + 253371. Give t(20).
-89
Let n(m) = -m**3 - 108*m**2 - 99*m + 909. Determine n(-107).
53
Let v(o) = -6*o**2 - 592*o + 345. Calculate v(-101).
-1069
Let j(h) = -h**3 - 14*h**2 - 28358*h - 368489. Determine j(-13).
-4
Let d(p) = p**3 - 23*p**2 + 146*p - 1019. Give d(18).
-11
Let v(d) = -4*d**3 - 22*d**2 - 1471*d - 8895. Give v(-6).
3
Let i(d) = -48915*d + 1125072. What is i(23)?
27
Let o(n) = -n**3 - 163*n**2 + 26663*n. Determine o(101).
-101
Let s(b) = 124*b - 10344. What is s(74)?
-1168
Let d(b) = -b**2 - 247*b - 6835. Determine d(-32).
45
Let v(g) = -34*g**2 - 1673*g + 9223. Calculate v(5).
8
Let i(z) = -5*z**3 - 2791*z**2 + 2250*z + 7822. Determine i(-559).
-4
Let c(h) = -9*h**2 - 1093*h - 10. Calculate c(0).
-10
Let a(g) = g**3 - 108*g**2 + 15379*g - 1506234. What is a(102)?
0
Let s(m) = m**2 - 3331*m - 378503. What is s(-110)?
7
Let j(g) = -3*g**3 - 169*g**2 - 161*g + 6. Determine j(-1).
1
Let z(m) = 3440913*m + 3440920. Determine z(-1).
7
Let i(a) = a**3 + 370*a**2 - 19617*a + 863. Give i(47).
17
Let d(k) = 1750*k + 3533239. Determine d(-2019).
-11
Let s(m) = -m**3 + 368*m**2 - 8571*m - 1837. What is s(343)?
-465
Let r(d) = -207*d + 55723. Calculate r(270).
-167
Let f(g) = 4332*g - 329224. Give f(76).
8
Let m(o) = 5*o**2 + 6639*o - 127950. Determine m(19).
-4
Let u(w) = 18100*w - 64. Calculate u(0).
-64
Let h(g) = 106*g**2 + 19174*g - 19174. Give h(1).
106
Let k(d) = 2*d**3 + 224*d**2 + 638*d + 184. What is k(-109)?
1928
Let u(i) = 8*i**3 + 1125*i**2 - 422*i + 126. Determine u(-141).
-15
Let n(u) = -5*u**2 + 167*u - 442. What is n(35)?
-722
Let j(m) = -183*m**2 + 19571*m + 1067. What is j(107)?
-3
Let d(f) = -59297*f + 711570. Give d(12).
6
Let s(r) = 556*r**2 + 2361*r + 496. Calculate s(-4).
-52
Let j(q) = -81*q - 12837. Determine j(-162).
285
Let r(k) = 80971*k + 161705. Determine r(-2).
-237
Let v(m) = -17256*m + 51813. Calculate v(3).
45
Let c(z) = -z**3 - 9*z**2 + 1167*z + 8260. Calculate c(-7).
-7
Let f(t) = -29*t - 4351. What is f(-324)?
5045
Let i(z) = -2*z**3 + 10*z**2 + 514*z + 2160. Determine i(-10).
20
Let q(l) = 2*l**3 - 67*l**2 - 28*l + 5611. What is q(31)?
-62
Let f(b) = -2*b**2 - 196*b + 59515. Give f(-228).
235
Let t(g) = -g**3 - 260*g**2 + 2704*g + 985. What is t(-270)?
-95
Let x(c) = 36047*c - 720963. Give x(20).
-23
Let n(l) = -1118*l + 13362. Determine n(12).
-54
Let b(v) = -v**3 - 144*v**2 + 1487*v - 8176. What is b(-154)?
-14
Let o(a) = 1610*a**2 - 6438*a - 5. What is o(4)?
3
Let r(b) = 1106*b**2 + 387099*b - 308. Determine r(-350).
42
Let s(r) = -1522*r - 35010. What is s(-23)?
-4
Let m(q) = 61*q**3 + 2*q**2 - 502*q + 499. Give m(1).
60
Let u(m) = 3689*m - 11181. What is u(3)?
-114
Let n(m) = -36*m**2 - 6*m. Give n(-7).
-1722
Let g(p) = -56780*p + 511501. Determine g(9).
481
Let p(m) = -124*m**3 + 8*m**2 + 9*m + 2. What is p(-2)?
1008
Let s(f) = 17*f**2 + 2807*f + 53764. Determine s(-143).
-4
Let q(h) = 5*h**3 - 99*h**2 - 11*h - 83. Determine q(20).
97
Let h(a) = a**3 - 96*a**2 + 2096*a - 522. What is h(63)?
549
Let p(s) = 23*s**2 - 133*s - 32. Calculate p(5).
-122
Let c(g) = g**2 + 33*g - 708. Give c(-46).
-110
Let z(k) = 987*k + 14916. Give z(-15).
111
Let w(u) = -2*u**3 + 5*u**2 - 82*u + 1262. Give w(8).
-98
Let h(i) = -4*i**2 - 972*i - 26291. Calculate h(-31).
-3
Let t(k) = k**3 + 192*k**2 - 1203*k - 266294. Give t(-191).
-40
Let g(j) = -j**3 + 522*j**2 + 1556*j + 10165. Give g(525).
190
Let k(c) = -c**3 + 12*c**2 + 412*c - 5522. Give k(14).
-146
Let h(v) = -1867*v - 2051. What is h(-1)?
-184
Let i(z) = 144289*z**2 + 18324702*z - 123. Give i(-127).
4
Let x(l) = -2599*l + 956489. Give x(368).
57
Let b(h) = 86*h - 272. Calculate b(2).
-100
Let l(f) = 79*f - 2646. What is l(75)?
3279
Let s(q) = 117644*q - 470644. What is s(4)?
-68
Let v(g) = 6214*g + 52779. Give v(-9).
-3147
Let t(s) = s**2 + 2485*s - 178857. Give t(70).
-7
Let y(w) = w**3 - 47*w**2 + 279*w - 2907. What is y(42)?
-9
Let p(k) = 17413*k - 296001. Calculate p(17).
20
Let f(m) = 104329*m - 1669278. Calculate f(16).
-14
Let t(b) = 363467*b - 38. Determine t(0).
-38
Let d(m) = m**3 + 6*m**2 + 2956*m + 23850. Calculate d(-8).
74
Let y(f) = 29*f**2 - 433*f - 3992. Determine y(-9).
2254
Let q(b) = -243315*b + 1459914. Calculate q(6).
24
Let g(l) = -250*l + 27271. Calculate g(118).
-2229
Let b(a) = -2646*a + 108782. Calculate b(41).
296
Let s(g) = 2639*g**2 + 228*g - 227. Give s(1).
2640
Let n(s) = -s**2 - 1512*s - 141691. Calculate n(-100).
-491
Let p(s) = 239*s**2 + 29*s + 10. Determine p(-2).
908
Let z(r) = -9*r**3 + 502*r**2 - 1304*r - 1109. Calculate z(53).
4
Let w(o) = -12*o**2 + 69*o + 20. Calculate w(-8).
-1300
Let v(n) = n**3 + 27*n**2 + 201*n - 1297. Determine v(4).
3
Let b(c) = -51*c**3 - 90*c**2 - 41*c - 5. What is b(-1)?
-3
Let f(k) = 2*k**3 - 227*k**2 - 121*k + 999. Give f(114).
201
Let i(u) = -13*u**3 + 1402*u**2 + 228*u - 1304. What is i(108)?
-8
Let f(q) = -q**2 - 39*q + 4823. What is f(48)?
647
Let i(c) = c**2 - 2347*c + 14048. Calculate i(6).
2
Let w(h) = 16917*h - 1725553. What is w(102)?
-19
Let d(h) = -h**3 + 28*h**2 + 739*h - 18213. Give d(34).
-23
Let d(o) = -5950571*o - 89258565. Calculate d(-15).
0
Let r(f) = -469*f - 3280. What is r(-6)?
-466
Let c(s) = -5*s**3 + 68*s**2 - 72*s + 156. Give c(10).
1236
Let w(j) = -1015*j - 39613. Determine w(-39).
-28
Let u(x) = -231*x**2 + 23*x + 62. Calculate u(0).
62
Let r(y) = -10*y**2 - 123*y + 750. Give r(7).
-601
Let k(y) = -y**3 - 18*y**2 - 298*y - 3537. Give k(-12).
-825
Let c(g) = -g**2 - 1564*g + 18898. What is c(12)?
-14
Let m(r) = -r**3 - 100*r**2 + 78*r - 2356. What is m(-101)?
-33
Let y(c) = -219*c + 10482. Give y(49).
-249
Let k(h) = -1164042*h - 34921263. What is k(-30)?
-3
Let m(p) = -8*p**3 - 73*p**2 + 50*p + 545. What is m(-9)?
14
Let x(t) = 729*t - 1482. What is x(1)?
-753
Let w(i) = -i**2 + 17041*i + 85212. Calculate w(-5).
-18
Let x(r) = -189*r + 6102. Determine x(19).
2511
Let h(p) = -11981*p - 71955. Determine h(-6).
-69
Let a(z) = z**3 + 95*z**2 - 76*z + 1784. Give a(-96).
-136
Let h(g) = -g**2 - 65*g - 613. What is h(-51)?
101
Let s(m) = -95791*m**2 + 383126*m - 5. What is s(4)?
-157
Let u(y) = -8544*y**2 - 42741*y - 44. Give u(-5).
61
Let x(o) = 2699*o**2 - 91719*o - 1621. What is x(34)?
-23
Let o(n) = -n**3 - 3*n**2 - 4138*n - 16570. Give o(-4).
-2
Let s(f) = -3*f**3 - 45*f**2 + 53*f - 1956. Give s(-18).
6
Let y(f) = 1162*f**2 + 204529*f + 2945. Calculate y(-176).
-47
Let p(q) = -439*q + 12657. Give p(29).
-74
Let x(q) = q**3 - q**2 - 367*q + 1847. Give x(5).
112
Let n(g) = -323*g**2 + 7754*g - 44. What is n(24)?
4
Let y(o) = 1922*o - 122776. Calculate y(64).
232
Let b(m) = -9*m**2 - 6890*m + 55580. Determine b(8).
-116
Let t(o) = 3*o**2 + 631*o + 25263. What is t(-157)?
143
Let x(a) = 8441*a - 725929. Calculate x(86).
-3
Let m(a) = -a**3 + 89*a**2 - 1921*a + 15509. Give m(62).
195
Let z(d) = 1551*d + 4733. Calculate z(-5).
-3022
Let q(z) = 7*z**3 - 780*z**2 - 443*z - 251. Calculate q(112).
309
Let l(y) = 11*y**2 + 2006*y - 25317. Cal